
-4d
In base 4, what is 233 - -210?
1103
In base 8, what is -10 - 46?
-56
In base 12, what is -674 + 5?
-66b
In base 10, what is 3 + -184?
-181
In base 6, what is -5 - -10254?
10245
In base 9, what is -128 + 20?
-108
In base 13, what is -2 + c6?
c4
In base 6, what is -1 + -2513?
-2514
In base 10, what is -5 - 897?
-902
In base 9, what is -77 - 16?
-104
In base 8, what is -256 - 5?
-263
In base 7, what is -3 + -5241?
-5244
In base 7, what is -204 - 1?
-205
In base 13, what is 373 - 5?
36b
In base 12, what is -6b25 - 4?
-6b29
In base 7, what is 2 - -2?
4
In base 5, what is 1034 + -114?
420
In base 16, what is 13 - 8f?
-7c
In base 8, what is 32637 - 2?
32635
In base 4, what is 122 - -201?
323
In base 9, what is 2 + -43?
-41
In base 9, what is -54 + -30?
-84
In base 9, what is -10211 + -3?
-10214
In base 4, what is -100 + -133?
-233
In base 5, what is -3 + -11222?
-11230
In base 5, what is 24 + -132?
-103
In base 4, what is -1 - -323?
322
In base 5, what is -1 - 333?
-334
In base 11, what is 6 + 352?
358
In base 12, what is -35 - 39?
-72
In base 15, what is -d9 + 8?
-d1
In base 16, what is -3 + -268?
-26b
In base 12, what is 6 + -1214?
-120a
In base 2, what is -11 + 101110?
101011
In base 9, what is 4 + -61?
-56
In base 2, what is 11 + -111111010100?
-111111010001
In base 12, what is 0 + -376?
-376
In base 10, what is -221 + 46?
-175
In base 2, what is 1000 - -10?
1010
In base 10, what is -83 - -5?
-78
In base 11, what is 3 + 118?
120
In base 14, what is 6232 - -2?
6234
In base 16, what is 2c - 2?
2a
In base 4, what is 11331 - 131?
11200
In base 11, what is 2 + 194?
196
In base 12, what is 22 - -5?
27
In base 13, what is -7 - -47?
40
In base 10, what is 10 + 202?
212
In base 13, what is -5 - c?
-14
In base 12, what is -229 + -21?
-24a
In base 7, what is -56 - -3?
-53
In base 16, what is d74 - 2?
d72
In base 16, what is 7 + -a1e?
-a17
In base 2, what is -1100110100111 + 101?
-1100110100010
In base 9, what is 65 - 51?
14
In base 11, what is 4 + 470?
474
In base 13, what is -298 + 1?
-297
In base 5, what is 0 - -11?
11
In base 4, what is 12 + -213?
-201
In base 14, what is -4 - 38b?
-391
In base 10, what is 2382 + 1?
2383
In base 4, what is -1030 - 332?
-2022
In base 16, what is 3 - 3a?
-37
In base 7, what is -15 - -15?
0
In base 6, what is 1241 - 5?
1232
In base 7, what is 10 + -40?
-30
In base 14, what is 2 + -22?
-20
In base 13, what is -34 - 2b9?
-320
In base 5, what is 34 + 21?
110
In base 15, what is -35 - -2?
-33
In base 15, what is 1936 + -2?
1934
In base 14, what is -72 + -a?
-7c
In base 10, what is 644 - 6?
638
In base 6, what is 145 - 215?
-30
In base 11, what is 234 + 3?
237
In base 4, what is 201 - 1?
200
In base 10, what is -3 + -575?
-578
In base 7, what is -605 - -1?
-604
In base 10, what is -3 - 55?
-58
In base 13, what is 6 + 4c?
55
In base 3, what is -11 + 20?
2
In base 6, what is -204555 + 2?
-204553
In base 11, what is 7403 + -3?
7400
In base 15, what is -3 + 291?
28d
In base 14, what is -2 + 2329?
2327
In base 7, what is 5 + -345?
-340
In base 8, what is -5 + -5?
-12
In base 2, what is -110 - -111000101?
110111111
In base 5, what is 4 + -24?
-20
In base 4, what is 20 - 231?
-211
In base 15, what is -7 + -49c?
-4a4
In base 4, what is 101130 - -32?
101222
In base 5, what is -211 - -103?
-103
In base 16, what is 3 + -26?
-23
In base 10, what is 313 - 12?
301
In base 15, what is 126 - 1?
125
In base 5, what is -1 - 420?
-421
In base 15, what is 105 + 3?
108
In base 16, what is -2b - 17c?
-1a7
In base 3, what is -121 - -120011?
112120
In base 8, what is -154 + 4?
-150
In base 3, what is 10211 - 10?
10201
In base 4, what is 10 - 1033?
-1023
In base 4, what is -23323 - -10?
-23313
In base 16, what is -3f - 4?
-43
In base 15, what is 5 + 189?
18e
In base 16, what is 2 - -113?
115
In base 12, what is 1b + 34?
53
In base 9, what is -154 + -213?
-367
In base 16, what is 243 - 1?
242
In base 6, what is 23554 + 2?
24000
In base 2, what is 1 - -10111110110?
10111110111
In base 8, what is 735 - -5?
742
In base 2, what is -101111 + 1001010?
11011
In base 7, what is 6 - 10?
-1
In base 14, what is -112a + 4?
-1126
In base 10, what is 1213 - 2?
1211
In base 4, what is 1 + -21?
-20
In base 5, what is 11 - 30323?
-30312
In base 14, what is 196 - -5?
19b
In base 9, what is 3337 - 5?
3332
In base 10, what is 5 + -19?
-14
In base 12, what is 75 + -7?
6a
In base 15, what is -10cd + 0?
-10cd
In base 10, what is -1544 + 3?
-1541
In base 15, what is -1547 - 0?
-1547
In base 3, what is 2210021 + -11?
2210010
In base 14, what is -20a - 1?
-20b
In base 12, what is -4 - 3b?
-43
In base 12, what is -978 + -1?
-979
In base 2, what is 11 - -111101000?
111101011
In base 4, what is 110110 + 2?
110112
In base 13, what is 3 + -35?
-32
In base 14, what is -4 + -67?
-6b
In base 10, what is -11 - -5?
-6
In base 14, what is 135d - -5?
1364
In base 2, what is 0 - -11101001?
11101001
In base 14, what is -115b - -2?
-1159
In base 16, what is c - -15?
21
In base 11, what is 2a1 - 0?
2a1
In base 8, what is -3 - -31?
26
In base 11, what is 7254 + 4?
7258
In base 5, what is -13 + 330?
312
In base 14, what is 4 + -7d?
-79
In base 7, what is 5 - 54?
-46
In base 4, what is -31 - 10?
-101
In base 8, what is -140 - 4?
-144
In base 5, what is -1 - -14?
13
In base 7, what is -3145 - -2?
-3143
In base 11, what is -8 - -7a?
72
In base 3, what is -1010 + 11?
-222
In base 11, what is 24a - 3?
247
In base 15, what is -11 - 42?
-53
In base 4, what is 0 + 33132?
33132
In base 11, what is -10 + 17?
7
In base 11, what is 1a3 - -5?
1a8
In base 12, what is 0 - 64?
-64
In base 12, what is 57 - 2?
55
In base 13, what is 1a - 18?
2
In base 6, what is -115 + 11?
-104
In base 11, what is -69 + -98?
-156
In base 7, what is -2 - 1055?
-1060
In base 8, what is 16 - 7?
7
In base 8, what is 0 + 135?
135
In base 9, what is 511 - -2?
513
In base 3, what is -2021 - -22?
-1222
In base 4, what is 100202 - -2?
100210
In base 12, what is -1a1 - 2?
-1a3
In base 10, what is -324 + -8?
-332
In base 14, what is -ab + -5?
-b2
In base 15, what is -9e + -4?
-a3
In base 10, what is -10 + -147?
-157
In base 7, what is -26 - 15?
-44
In base 9, what is 82 - 22?
60
In base 5, what is 2 - -3344?
3401
In base 7, what is 4302 - 4?
4265
In base 9, what is 1 + -46?
-45
In base 14, what is 1 + 1d7?
1d8
In base 9, what is -18 + -43?
-62
In base 11, what is -774 + -a?
-783
In base 9, what is -45 - 11?
-56
In base 2, what is -100000100100111 + -100?
-100000100101011
In base 6, what is 5 + -41?
-32
In base 7, what is -2106 + -1?
-2110
In base 2, what is 10 - 1000110?
-1000100
In base 14, what is -3 - -36?
33
In base 4, what is 11 - 113?
-102
In base 7, what is 23 - -3?
26
In base 13, what is 25b7 + -4?
25b3
In base 15, what is -22 + -90?
-b2
In base 2, what is 10011 - -10000?
100011
In base 7, what is 11 + 1210?
1221
In base 12, what is -29 + -5?
-32
In base 13, what is -733 - 5?
-738
In base 14, what is -25 + -7?
-2c
In base 3, what is -220 + 1022?
102
In base 9, what is -4 + -206?
-211
In base 10, what is 173 + 27?
200
In base 7, what is 0 + -55?
-55
In base 15, what is -1d + -8?
-26
In base 3, what is 2 - 11010002?
-11010000
In base 4, what is -10 - 302?
-312
In base 15, what is 516 - -3?
519
In base 7, what is -30 + 3?
-24
In base 14, what is -3 - -33a?
337
In base 8, what is 1537 + -12?
1525
In base 5, what is -2 - 223?
-230
In base 13, what is -b - -12a?
11c
In base 9, what is -266 - 1?
-267
In base 14, what is 2 - -132?
134
In base 15, what is ea + 0?
ea
In base 14, what is 0 - -189?
189
In base 7, what is -334 + 1?
-333
In base 8, what is -125 - -16?
-107
In base 3, what is -12 - -10201?
10112
In base 9, what is -427 - 5?
-433
In base 16, what is -256 - -1?
-255
In base 11, what is -98 + -2?
-9a
In base 5, what is 0 - 144?
-144
In base 10, what is 68 - -6?
74
In base 4, what is -11 + -3112?
-3123
In base 11, what is -3a381 - 4?
-3a385
In base 12, what is 5 - -2a?
33
In base 5, what is -440 - 0?
-440
In base 2, what is -1101 - -101010000?
101000011
In base 2, what is -11001110110 - 0?
-11001110110
In base 14, what is 15 + -26?
-11
In base 3, what is -2010 + 121?
-1112
In base 7, what is -3242 - -2?
-3240
In base 4, what is -13 + -3?
-22
In base 4, what is 1101 + 11?
1112
In base 4, what is 3 + 1003?
1012
In base 15, what 